{"id":8450,"date":"2025-05-09T21:13:16","date_gmt":"2025-05-09T21:13:16","guid":{"rendered":"https:\/\/etevav.com.br\/new1\/?page_id=8450"},"modified":"2025-05-09T21:13:17","modified_gmt":"2025-05-09T21:13:17","slug":"defesa-civil-2","status":"publish","type":"page","link":"https:\/\/etevav.com.br\/new1\/defesa-civil-2\/","title":{"rendered":"Defesa Civil"},"content":{"rendered":"\n<p><a href=\"https:\/\/etevav.com.br\/new1\/defesa-civil\/\">Defesa Civil Modular Noturno<\/a><br>Dura\u00e7\u00e3o: 12 meses<br>Hor\u00e1rio: 19h00 \u00e0s 22h55<\/p>\n\n\n\n<p><\/p>\n","protected":false},"excerpt":{"rendered":"<p>Defesa Civil Modular NoturnoDura\u00e7\u00e3o: 12 mesesHor\u00e1rio: 19h00 \u00e0s 22h55<\/p>\n","protected":false},"author":1,"featured_media":0,"parent":0,"menu_order":0,"comment_status":"closed","ping_status":"closed","template":"","meta":{"_eb_attr":"","ngg_post_thumbnail":0,"footnotes":""},"class_list":["post-8450","page","type-page","status-publish","hentry"],"_links":{"self":[{"href":"https:\/\/etevav.com.br\/new1\/wp-json\/wp\/v2\/pages\/8450","targetHints":{"allow":["GET"]}}],"collection":[{"href":"https:\/\/etevav.com.br\/new1\/wp-json\/wp\/v2\/pages"}],"about":[{"href":"https:\/\/etevav.com.br\/new1\/wp-json\/wp\/v2\/types\/page"}],"author":[{"embeddable":true,"href":"https:\/\/etevav.com.br\/new1\/wp-json\/wp\/v2\/users\/1"}],"replies":[{"embeddable":true,"href":"https:\/\/etevav.com.br\/new1\/wp-json\/wp\/v2\/comments?post=8450"}],"version-history":[{"count":1,"href":"https:\/\/etevav.com.br\/new1\/wp-json\/wp\/v2\/pages\/8450\/revisions"}],"predecessor-version":[{"id":8451,"href":"https:\/\/etevav.com.br\/new1\/wp-json\/wp\/v2\/pages\/8450\/revisions\/8451"}],"wp:attachment":[{"href":"https:\/\/etevav.com.br\/new1\/wp-json\/wp\/v2\/media?parent=8450"}],"curies":[{"name":"wp","href":"https:\/\/api.w.org\/{rel}","templated":true}]}}