{"id":8386,"date":"2025-03-25T18:11:56","date_gmt":"2025-03-25T18:11:56","guid":{"rendered":"https:\/\/etevav.com.br\/new1\/?page_id=8386"},"modified":"2025-03-25T18:11:57","modified_gmt":"2025-03-25T18:11:57","slug":"seguranca-do-trabalho","status":"publish","type":"page","link":"https:\/\/etevav.com.br\/new1\/seguranca-do-trabalho\/","title":{"rendered":"Seguran\u00e7a do Trabalho"},"content":{"rendered":"\n<p class=\"has-medium-font-size\"><strong>Modalidades ofertadas:<\/strong><\/p>\n\n\n\n<p><strong><a href=\"https:\/\/etevav.com.br\/new1\/seguranca-do-trabalho-integrado-ao-ensino-medio-m-tec-tarde\/\">Seguran\u00e7a do Trabalho integrado ao Ensino M\u00e9dio \/ M-Tec Tarde<\/a><\/strong><br>Dura\u00e7\u00e3o: 3 anos<br>Hor\u00e1rio: 13h00 \u00e0s 18h15<\/p>\n\n\n\n<p><strong><a href=\"https:\/\/etevav.com.br\/new1\/seguranca-trabalho\/\">Seguran\u00e7a do Trabalho Modular Noturno<\/a><\/strong><br>Dura\u00e7\u00e3o: 18 meses<br>Hor\u00e1rio: 19h00 \u00e0s 22h55<\/p>\n\n\n\n<p><\/p>\n","protected":false},"excerpt":{"rendered":"<p>Modalidades ofertadas: Seguran\u00e7a do Trabalho integrado ao Ensino M\u00e9dio \/ M-Tec TardeDura\u00e7\u00e3o: 3 anosHor\u00e1rio: 13h00 \u00e0s 18h15 Seguran\u00e7a do Trabalho Modular NoturnoDura\u00e7\u00e3o: 18 mesesHor\u00e1rio: 19h00 \u00e0s 22h55<\/p>\n","protected":false},"author":1,"featured_media":0,"parent":0,"menu_order":0,"comment_status":"closed","ping_status":"closed","template":"","meta":{"_eb_attr":"","ngg_post_thumbnail":0,"footnotes":""},"class_list":["post-8386","page","type-page","status-publish","hentry"],"_links":{"self":[{"href":"https:\/\/etevav.com.br\/new1\/wp-json\/wp\/v2\/pages\/8386","targetHints":{"allow":["GET"]}}],"collection":[{"href":"https:\/\/etevav.com.br\/new1\/wp-json\/wp\/v2\/pages"}],"about":[{"href":"https:\/\/etevav.com.br\/new1\/wp-json\/wp\/v2\/types\/page"}],"author":[{"embeddable":true,"href":"https:\/\/etevav.com.br\/new1\/wp-json\/wp\/v2\/users\/1"}],"replies":[{"embeddable":true,"href":"https:\/\/etevav.com.br\/new1\/wp-json\/wp\/v2\/comments?post=8386"}],"version-history":[{"count":1,"href":"https:\/\/etevav.com.br\/new1\/wp-json\/wp\/v2\/pages\/8386\/revisions"}],"predecessor-version":[{"id":8387,"href":"https:\/\/etevav.com.br\/new1\/wp-json\/wp\/v2\/pages\/8386\/revisions\/8387"}],"wp:attachment":[{"href":"https:\/\/etevav.com.br\/new1\/wp-json\/wp\/v2\/media?parent=8386"}],"curies":[{"name":"wp","href":"https:\/\/api.w.org\/{rel}","templated":true}]}}